ided by 68?
14
What is the remainder when 73 is divided by 9?
1
Calculate the remainder when 696 is divided by 20.
16
What is the remainder when 242 is divided by 68?
38
What is the remainder when 797 is divided by 42?
41
What is the remainder when 8415 is divided by 122?
119
What is the remainder when 2775 is divided by 916?
27
Calculate the remainder when 450 is divided by 51.
42
What is the remainder when 2565 is divided by 18?
9
Calculate the remainder when 3029 is divided by 32.
21
What is the remainder when 52 is divided by 39?
13
What is the remainder when 134 is divided by 104?
30
Calculate the remainder when 5039 is divided by 25.
14
What is the remainder when 221 is divided by 52?
13
What is the remainder when 8025 is divided by 37?
33
Calculate the remainder when 3058 is divided by 51.
49
What is the remainder when 505 is divided by 22?
21
Calculate the remainder when 456 is divided by 150.
6
What is the remainder when 502 is divided by 72?
70
What is the remainder when 2361 is divided by 214?
7
Calculate the remainder when 5208 is divided by 21.
0
What is the remainder when 108 is divided by 17?
6
What is the remainder when 124 is divided by 37?
13
Calculate the remainder when 1128 is divided by 113.
111
What is the remainder when 4 is divided by 2?
0
Calculate the remainder when 719 is divided by 73.
62
Calculate the remainder when 1939 is divided by 4.
3
What is the remainder when 101 is divided by 101?
0
What is the remainder when 3544 is divided by 39?
34
What is the remainder when 86 is divided by 22?
20
What is the remainder when 811 is divided by 29?
28
Calculate the remainder when 5228 is divided by 238.
230
Calculate the remainder when 97 is divided by 22.
9
What is the remainder when 205 is divided by 53?
46
What is the remainder when 187 is divided by 172?
15
Calculate the remainder when 150 is divided by 49.
3
What is the remainder when 216 is divided by 38?
26
What is the remainder when 56 is divided by 27?
2
What is the remainder when 206 is divided by 26?
24
What is the remainder when 83 is divided by 73?
10
What is the remainder when 317 is divided by 41?
30
Calculate the remainder when 573 is divided by 121.
89
What is the remainder when 178 is divided by 14?
10
What is the remainder when 2175 is divided by 33?
30
What is the remainder when 119 is divided by 30?
29
What is the remainder when 13999 is divided by 35?
34
What is the remainder when 43 is divided by 37?
6
Calculate the remainder when 65 is divided by 53.
12
Calculate the remainder when 371 is divided by 21.
14
Calculate the remainder when 51 is divided by 5.
1
What is the remainder when 433 is divided by 52?
17
What is the remainder when 3912 is divided by 27?
24
What is the remainder when 572 is divided by 188?
8
Calculate the remainder when 282 is divided by 134.
14
What is the remainder when 648 is divided by 26?
24
What is the remainder when 409 is divided by 231?
178
What is the remainder when 1893 is divided by 627?
12
Calculate the remainder when 43 is divided by 14.
1
Calculate the remainder when 338 is divided by 94.
56
Calculate the remainder when 2343 is divided by 111.
12
What is the remainder when 59 is divided by 11?
4
Calculate the remainder when 246 is divided by 206.
40
What is the remainder when 105 is divided by 16?
9
Calculate the remainder when 544 is divided by 18.
4
What is the remainder when 56 is divided by 45?
11
Calculate the remainder when 7497 is divided by 100.
97
Calculate the remainder when 149 is divided by 10.
9
Calculate the remainder when 48 is divided by 13.
9
What is the remainder when 579 is divided by 145?
144
What is the remainder when 242 is divided by 75?
17
What is the remainder when 461 is divided by 39?
32
What is the remainder when 1875 is divided by 67?
66
What is the remainder when 139 is divided by 76?
63
What is the remainder when 35 is divided by 4?
3
Calculate the remainder when 1492 is divided by 83.
81
Calculate the remainder when 34 is divided by 12.
10
Calculate the remainder when 12552 is divided by 46.
40
Calculate the remainder when 29681 is divided by 291.
290
Calculate the remainder when 444 is divided by 14.
10
What is the remainder when 1307 is divided by 110?
97
Calculate the remainder when 1355 is divided by 23.
21
Calculate the remainder when 207 is divided by 52.
51
Calculate the remainder when 270 is divided by 21.
18
What is the remainder when 1104 is divided by 271?
20
What is the remainder when 988 is divided by 15?
13
Calculate the remainder when 1624 is divided by 125.
124
Calculate the remainder when 95 is divided by 78.
17
Calculate the remainder when 211 is divided by 18.
13
Calculate the remainder when 144 is divided by 44.
12
What is the remainder when 444 is divided by 103?
32
What is the remainder when 24 is divided by 5?
4
What is the remainder when 198 is divided by 21?
9
What is the remainder when 4387 is divided by 35?
12
Calculate the remainder when 161 is divided by 29.
16
Calculate the remainder when 171 is divided by 26.
15
Calculate the remainder when 11855 is divided by 24.
23
Calculate the remainder when 55 is divided by 18.
1
Calculate the remainder when 70 is divided by 20.
10
Calculate the remainder when 268 is divided by 40.
28
What is the remainder when 866 is divided by 43?
6
Calculate the remainder when 19 is divided by 13.
6
Calculate the remainder when 1006 is divided by 145.
136
What is the remainder when 1458 is divided by 183?
177
What is the remainder when 417 is divided by 62?
45
Calculate the remainder when 232 is divided by 59.
55
Calculate the remainder when 230 is divided by 4.
2
Calculate the remainder when 1414 is divided by 8.
6
Calculate the remainder when 322 is divided by 26.
10
What is the remainder when 449 is divided by 45?
44
Calculate the remainder when 498 is divided by 20.
18
Calculate the remainder when 186 is divided by 89.
8
Calculate the remainder when 676 is divided by 34.
30
What is the remainder when 2383 is divided by 769?
76
Calculate the remainder when 1704 is divided by 114.
108
What is the remainder when 649 is divided by 69?
28
Calculate the remainder when 37142 is divided by 23.
20
Calculate the remainder when 300 is divided by 91.
27
What is the remainder when 113 is divided by 13?
9
Calculate the remainder when 339 is divided by 2.
1
What is the remainder when 767 is divided by 4?
3
Calculate the remainder when 1119 is divided by 56.
55
What is the remainder when 439 is divided by 142?
13
What is the remainder when 242 is divided by 42?
32
Calculate the remainder when 162 is divided by 82.
80
What is the remainder when 82 is divided by 5?
2
What is the remainder when 276 is divided by 103?
70
What is the remainder when 95 is divided by 23?
3
Calculate the remainder when 819 is divided by 23.
14
What is the remainder when 8147 is divided by 27?
20
Calculate the remainder when 4134 is divided by 36.
30
What is the remainder when 410 is divided by 104?
98
What is the remainder when 56 is divided by 10?
6
Calculate the remainder when 212 is divided by 43.
40
Calculate the remainder when 97 is divided by 27.
16
Calculate the remainder when 625 is divided by 327.
298
What is the remainder when 1066 is divided by 50?
16
What is the remainder when 270 is divided by 46?
40
Calculate the remainder when 103 is divided by 54.
49
What is the remainder when 17381 is divided by 31?
21
What is the remainder when 1220 is divided by 102?
98
Calculate the remainder when 1523 is divided by 48.
35
What is the remainder when 243 is divided by 149?
94
Calculate the remainder when 47 is divided by 18.
11
What is the remainder when 191 is divided by 64?
63
Calculate the remainder when 295 is divided by 15.
10
Calculate the remainder when 97 is divided by 9.
7
Calculate the remainder when 14 is divided by 5.
4
Calculate the remainder when 567 is divided by 8.
7
What is the remainder when 1632 is divided by 569?
494
Calculate the remainder when 294 is divided by 99.
96
Calculate the remainder when 373 is divided by 11.
10
What is the remainder when 527 is divided by 84?
23
Calculate the remainder when 386 is divided by 13.
9
Calculate the remainder when 492 is divided by 55.
52
What is the remainder when 2370 is divided by 198?
192
Calcul